{"id":29,"date":"2018-04-10T09:41:08","date_gmt":"2018-04-10T09:41:08","guid":{"rendered":"http:\/\/harmoniatrade.hu\/?page_id=29"},"modified":"2023-11-10T09:25:29","modified_gmt":"2023-11-10T09:25:29","slug":"kapcsolat","status":"publish","type":"page","link":"https:\/\/harmoniatrade.hu\/?page_id=29","title":{"rendered":"Kapcsolat"},"content":{"rendered":"\n<p>info@harmoniatrade.hu<\/p>\n\n\n\n<p>https:\\\\itteni.hu<\/p>\n\n\n\n<p>A c\u00e9g sz\u00e9khelye:<br>4800 V\u00e1s\u00e1rosnam\u00e9ny, \u00c1rp\u00e1d \u00fat 7.<\/p>\n\n\n\n<p>A c\u00e9g telephelye (h\u00fas\u00fczem):<br>4800 V\u00e1s\u00e1rosnam\u00e9ny, Koportos \u00fat 5-6.<\/p>\n","protected":false},"excerpt":{"rendered":"<p>info@harmoniatrade.hu https:\\\\itteni.hu A c\u00e9g sz\u00e9khelye:4800 V\u00e1s\u00e1rosnam\u00e9ny, \u00c1rp\u00e1d \u00fat 7. A c\u00e9g telephelye (h\u00fas\u00fczem):4800 V\u00e1s\u00e1rosnam\u00e9ny, Koportos \u00fat 5-6.<\/p>\n","protected":false},"author":1,"featured_media":0,"parent":0,"menu_order":0,"comment_status":"closed","ping_status":"closed","template":"","meta":{"footnotes":""},"class_list":["post-29","page","type-page","status-publish","hentry"],"_links":{"self":[{"href":"https:\/\/harmoniatrade.hu\/index.php?rest_route=\/wp\/v2\/pages\/29","targetHints":{"allow":["GET"]}}],"collection":[{"href":"https:\/\/harmoniatrade.hu\/index.php?rest_route=\/wp\/v2\/pages"}],"about":[{"href":"https:\/\/harmoniatrade.hu\/index.php?rest_route=\/wp\/v2\/types\/page"}],"author":[{"embeddable":true,"href":"https:\/\/harmoniatrade.hu\/index.php?rest_route=\/wp\/v2\/users\/1"}],"replies":[{"embeddable":true,"href":"https:\/\/harmoniatrade.hu\/index.php?rest_route=%2Fwp%2Fv2%2Fcomments&post=29"}],"version-history":[{"count":4,"href":"https:\/\/harmoniatrade.hu\/index.php?rest_route=\/wp\/v2\/pages\/29\/revisions"}],"predecessor-version":[{"id":89,"href":"https:\/\/harmoniatrade.hu\/index.php?rest_route=\/wp\/v2\/pages\/29\/revisions\/89"}],"wp:attachment":[{"href":"https:\/\/harmoniatrade.hu\/index.php?rest_route=%2Fwp%2Fv2%2Fmedia&parent=29"}],"curies":[{"name":"wp","href":"https:\/\/api.w.org\/{rel}","templated":true}]}}